he greatest common factor of 15 and f?
15
Let m = 36 - 26. Let w be 374/44 + 3/(-2). Suppose -293 - 337 = -w*r. Calculate the greatest common divisor of m and r.
10
Let j = 1310 + -998. What is the highest common factor of j and 168?
24
Let b(m) = 2*m**3 - 15*m**2 + 8*m + 27. Let d be b(7). What is the greatest common factor of d and 4?
2
Let u(o) = o**3 - 9*o**2 - 8*o + 81. Let n be u(9). Let v be (-4)/6 + (-330)/(-9). What is the highest common factor of v and n?
9
Let s(n) = 13*n**2 - 2*n - 2. Let z be s(4). Let g be 887/(-9) + (-72)/162. Let j = 117 + g. What is the highest common factor of j and z?
18
Suppose 3*x = -29 - 25. Let t = x + 35. Calculate the greatest common factor of t and 102.
17
Let w = 26 - 18. Let v(y) = 4*y + 7. Let s be v(w). Let l = s + -27. Calculate the greatest common factor of l and 12.
12
Let m(o) = o**3 - 3*o**2 + 4*o + 2. Let p be m(11). Suppose -p = -7*j + 218. What is the highest common factor of j and 16?
16
Let q(p) = 197*p**2 + 6*p + 1. Let d be q(-1). Calculate the highest common factor of 256 and d.
64
Let c = 22 + -10. Let s = c + -7. Let g be (0 - -1)*(-4 + s). What is the greatest common factor of 2 and g?
1
Suppose 0 = -8*p - 23 + 71. What is the highest common factor of 66 and p?
6
Let g be 228/14 + 6/(-21). Let k = g - 8. Let r = 50 - 30. Calculate the highest common divisor of k and r.
4
Let r = -388 + 440. Calculate the highest common factor of r and 39.
13
Let f = -27 - -32. Suppose -f*n + 480 = -y, n - 2*n = 5*y - 96. Calculate the highest common divisor of n and 12.
12
Let g be 1 + 1 + (-27 - -7). Let z be (-208)/(-39)*g/(-8). What is the greatest common divisor of z and 4?
4
Let u = 17 - 5. Suppose 3*i - 2*i = 3*s + u, 5*i = 3*s. Let p be 14 - (i + 9)/2. Calculate the highest common factor of p and 99.
11
Let v be (1/(-5) + (-68)/85)*-54. What is the greatest common factor of v and 12?
6
Suppose 468 = -281*r + 293*r. Suppose 5*b - 315 = 2*a, 2*b + 5*a - 145 = 2*a. What is the greatest common factor of r and b?
13
Let r be (1383 - (2 + -4)) + 186/93. Calculate the highest common divisor of 19 and r.
19
Let i = -590 - -898. What is the greatest common divisor of 56 and i?
28
Let w be 2*3*(28/6 - 3). Let x(y) = -y**2 + 12*y - 13. Let n be x(w). Let m = -12 - -40. What is the highest common factor of m and n?
7
Let z(i) = -15*i - 503. Let q be z(-38). What is the greatest common divisor of q and 67?
67
Let g(j) = -j**2 - 25*j - 114. Let c be g(-18). Calculate the highest common factor of 852 and c.
12
Let s be ((-459)/4)/(4/(-16)). Suppose -5*x - 4*w = -6 + 32, 0 = -4*x - 2*w - 16. Let p be s/6 - x/4. Calculate the greatest common factor of p and 11.
11
Suppose 4*h + d - 559 = -2*d, 2*h + 4*d - 292 = 0. Suppose -9*m + h = -m. Calculate the highest common factor of 187 and m.
17
Let n(h) = -h**3 - 13*h**2 + 41*h + 40. Let f be n(-16). What is the greatest common divisor of 190 and f?
38
Let i(o) = -181*o - 3681. Let w be i(-21). Suppose x + 5 = 17. What is the highest common divisor of w and x?
12
Let c be ((-50)/(-20))/1 - 926/(-4). What is the highest common factor of 126 and c?
18
Let l(z) = z**2 - 17*z + 21. Let r be l(15). Let v be 2/r - (-2442)/54. What is the greatest common divisor of 18 and v?
9
Let v(c) = -c**2 - 6*c + 1 + 4 + 14*c. Let i be v(3). What is the highest common divisor of i and 100?
20
Suppose i + 66 = 54. Let o be 13 + -4 + i/(-4). What is the greatest common divisor of o and 216?
12
Suppose 23*t - 26*t + 396 = 0. Calculate the greatest common divisor of 24 and t.
12
Suppose 0 = -5*j - 3*q + 2*q + 44, -4*q = j - 5. Suppose 248 = -j*l + 13*l. What is the greatest common factor of 155 and l?
31
Let h be -1 + 18/22 + (-6453)/(-99). Suppose -432 = -h*p + 61*p. What is the greatest common divisor of 12 and p?
12
Let w be (-5 + 13/2)*-104. Let o be w/5*(7 + (-68)/4). Calculate the greatest common factor of o and 39.
39
Let c = -156 - -317. Suppose 0 = -3*i + 5*r + 44, -4*i + 126 = 4*r + 14. What is the highest common factor of i and c?
23
Let w be (21 + 115)/((-2)/(-8)). What is the greatest common divisor of w and 17?
17
Suppose -2*n - 155 = 9*d - 10*d, 5*d - 3*n - 789 = 0. Suppose -d = 7*c - 579. What is the greatest common divisor of c and 420?
60
Let r be 282/26 - (-4)/26. Suppose 6*x - r*x = -325. What is the highest common divisor of x and 13?
13
Suppose -4*b = -20, 2*p + b - 2*b - 111 = 0. Calculate the highest common factor of p and 522.
58
Suppose -21*z + 26*z = 2*p - 553, -1046 = -4*p - 2*z. What is the highest common factor of p and 24?
24
Let r be 12504/168 + (-9)/21. Calculate the greatest common divisor of r and 296.
74
Let s(o) = -3*o**3 - 6*o**2 - 2*o - 6. Let b = 2 + -6. Let u be s(b). What is the greatest common divisor of u and 14?
14
Let j(i) = -i + 11. Suppose 28 = 19*n - 21*n. Let v be j(n). What is the greatest common factor of 50 and v?
25
Suppose -3*q + 0*q = -225. Suppose 0 = -4*x + 4*h + 146 - 38, -3*h + 69 = 2*x. What is the highest common divisor of x and q?
15
Suppose 16 = -26*u + 27*u. What is the highest common factor of 488 and u?
8
Suppose 9*r = 8*r + 16. Let h = r + 47. What is the highest common factor of 18 and h?
9
Let b be (-4326)/(-273) + (-4)/(-26). Calculate the highest common divisor of 80 and b.
16
Suppose m + 38 = 5*a - 5, -53 = -5*a - 4*m. Let u(s) = -s**3 + 9*s**2 - 8*s + 3. Let k be u(6). Calculate the greatest common factor of k and a.
9
Let g = -7 - -23. Let n be (30/(-24))/((-1)/g). Calculate the greatest common factor of n and 220.
20
Let f be (-8)/((2/(-6))/(1 - 0)). Let h = -27 - -39. Suppose -3*w - h = 0, -4*d + 2*w = 9 - 257. What is the highest common factor of d and f?
12
Suppose r = l - 4, 4*l + 3*r - 54 = -31. Calculate the greatest common divisor of 695 and l.
5
Let m be -111 - (0 + 1)*-2. Suppose 666 = 4*o + 2*a, 3*o = 6*o - 3*a - 522. Let p = m + o. What is the highest common divisor of 15 and p?
15
Let i = -84 + 86. Suppose 6*v + i*v - 1800 = 0. What is the greatest common divisor of v and 25?
25
Let m = 5 - 5. Let a be 2*(4 - (m + 1)). Calculate the greatest common factor of a and 18.
6
Let a(x) = -x**3 - x**2 + 2*x + 9. Let v be a(0). Suppose -4*w = 5 - v. What is the greatest common divisor of 7 and w?
1
Suppose -288 = t - 3*t. Let z(i) = -3*i**2 + 8*i + 7. Let s be z(3). Suppose -6*w + 180 = s*w. Calculate the highest common divisor of w and t.
18
Let y(x) = -x**2 - 32*x + 324. Let m be y(-40). Suppose 0 = 2*o - 56 - 16. What is the highest common factor of o and m?
4
Suppose 3*j - 4*g - 15 = 124, -j - 3*g = -55. What is the greatest common divisor of j and 42?
7
Let r = -60 - -19. Let l = r - -47. What is the highest common divisor of l and 6?
6
Let q = -1820 + 2650. Calculate the highest common divisor of q and 10.
10
Suppose -6 = n - 7. Let f be -3 + n - 1564/(-17). What is the highest common factor of f and 18?
18
Let n = 32 + -12. Suppose 4*d - 94 = 226. What is the highest common factor of d and n?
20
Suppose 0 = 2*i + 4*n - 172, 0 = -33*i + 36*i + 5*n - 257. What is the greatest common factor of i and 21?
21
Suppose 0*q = -3*r + 2*q + 70, -q + 42 = 2*r. Calculate the greatest common divisor of r and 22.
22
Suppose 0*z = -z - 21. Let b be (12/14)/(3/z). Let v(k) = -k**3 - 6*k**2 - 3*k - 8. Let y be v(b). What is the highest common divisor of y and 10?
10
Let b(k) = k**3 + 2*k**2 - 6*k - 6. Let x be b(-4). Let t be (0 - 4)/(x/7). Calculate the greatest common factor of 8 and t.
2
Suppose r = -4*r - 5*b - 1175, -3*r + 3*b - 693 = 0. Let n = r + 328. What is the highest common factor of n and 38?
19
Suppose -5*l + u = 137, -2*u = -3*l - 3*u - 79. Let s be (l/(-6))/3*100. What is the greatest common divisor of 60 and s?
30
Let t = -17 - -28. Calculate the greatest common factor of 3 and t.
1
Let u = 17 + -15. Let f be (-41)/(-2) - (-3)/u. Calculate the highest common factor of 33 and f.
11
Suppose -2*y + 5*q = 18, -y + 5*q - 3 = 1. Let f = y - -20. Let v = -9 + 15. What is the greatest common divisor of f and v?
6
Let w be (-2)/3*(-12 + -21). Calculate the highest common factor of w and 11.
11
Suppose 0 = 3*i - 2*i. Suppose 5*b = 4*s - 23, 46 = 3*s - i*s + 2*b. Let l be (-12)/(-1*2)*16. Calculate the greatest common factor of l and s.
12
Let t be 76/57 + (-164)/(-12). Calculate the greatest common divisor o